+ 58. Calculate the highest common factor of t and 514.
2
Let q be (4*1)/((-15)/(-120)). Let t be (-319)/(-4) + (-6)/(-24). What is the greatest common divisor of t and q?
16
Let i = 88 - 29. Let p = -55 + i. What is the highest common divisor of p and 1?
1
Suppose 30*y - 210 = 26*y + 2*a, -3*a + 171 = 3*y. What is the highest common divisor of 135 and y?
27
Suppose 0 = -2*r + 5*x - 10, 0 = 2*r + 3*x + x - 26. Suppose 4*a = 2*l - 32, -4*a = r*l - 153 + 17. What is the greatest common divisor of 6 and l?
6
Let d be (-2628)/(-66) + (3 - 155/55). Let w = 4 - 1. Let f be (-1)/w*-3*60. Calculate the highest common divisor of f and d.
20
Suppose -h - 140 = -4*w - 120, 2*w = -4*h - 8. Calculate the greatest common divisor of w and 1676.
4
Let n be (-4)/(-1) - ((2 - 707) + -4). What is the highest common factor of 31 and n?
31
Suppose -j = -2*s - s - 10, 5*j + s = 18. Suppose -2*m - 28*a + 24 = -31*a, 0 = -4*m + a + 88. Calculate the greatest common divisor of j and m.
4
Suppose 0 = -2*s + w, -8 = -s + 4*w - 22. Let q be 0 + ((-9)/(-3))/3. Calculate the greatest common factor of s and q.
1
Let l(s) = s**2 + 19*s - 99. Let x be l(-30). What is the greatest common divisor of x and 21?
21
Let s = -239 + 267. Calculate the highest common divisor of s and 224.
28
Let w be (-192)/9*(-8 - 1). Suppose -4*a + 3*a = -24. What is the highest common divisor of a and w?
24
Let m be -1 - 34/(-10) - 4/10. Suppose 0 = 4*g + d - 35, -3*g + 17 + 3 = m*d. Calculate the greatest common divisor of 70 and g.
10
Let r be -18*-3*((-1)/2 + 4). Calculate the highest common factor of r and 7.
7
Let v(h) = -h**3 + 4*h**2 + 9*h - 14. Let b(n) = -3*n - 22. Let r be b(-9). Let s be v(r). Calculate the highest common factor of 2 and s.
2
Let g(d) = -405*d - 180. Let f be g(-3). Calculate the greatest common divisor of f and 135.
45
Let j = -582 + 592. Calculate the highest common divisor of 70 and j.
10
Let u(p) = p**3 + 3*p**2 - 2*p - 6. Let f be u(-3). Let h be (15/(-25) - f)*-195. Calculate the highest common divisor of h and 13.
13
Suppose 13 = 6*o - 125. Suppose 0 = -3*s + 89 + 187. What is the greatest common divisor of s and o?
23
Let j = 437 - 158. Let o be (2280/(-25))/(-3) - 21/(-35). Calculate the highest common factor of o and j.
31
Let z = -134 - -385. Let a be (-3)/15 - z/(-5). Suppose 375 = 4*n - n. What is the greatest common divisor of n and a?
25
Let t be (((-1)/2)/(-1))/(18/(-324)). Let d = t + 36. Calculate the highest common factor of d and 3.
3
Let s(q) = q**2 + q + 18. Let w be s(-10). Calculate the highest common divisor of 270 and w.
54
Let q = -2120 - -2131. Let g(p) = 2*p + 3 - 13*p - 21*p. Let x be g(-3). What is the greatest common divisor of q and x?
11
Let c be (-1)/(1/1) - -7. Suppose 0 = 2*h + 22*r - 24*r - 168, -3*h - 4*r + 294 = 0. Calculate the greatest common factor of c and h.
6
Suppose -j - 197 + 217 = 0. Let v = -463 + 329. Let c = -14 - v. Calculate the highest common factor of j and c.
20
Let w be 12/9*(-3)/(-2). Suppose 2*j + w*d = -12, 0*d = 2*j + 5*d + 24. Let r = 4 + j. Calculate the greatest common divisor of r and 1.
1
Let c = 490 + -349. What is the greatest common factor of c and 3?
3
Let g be (-180)/8*(2 - 198/15). Calculate the highest common factor of 7 and g.
7
Let y be -1 + (-3)/((-864)/(-292) + -3). Calculate the greatest common factor of y and 63.
9
Let m(n) = 2*n + 1 + 0*n + 13 - 3*n. Let i be m(-13). Calculate the greatest common divisor of 54 and i.
27
Suppose 2*o = 3*g + 215, 15 = 5*o - 5. Let z be g/46 + 99/2. Calculate the greatest common factor of z and 12.
12
Let g be ((-4)/8)/(3/(-30)). Suppose 7*b - 130 = g*b. What is the highest common factor of 26 and b?
13
Suppose 2*m = -0*m + 20. Suppose 0 = 2*d + 3*d - m. Suppose d*u - 12 = -u, 4*k + 3*u = 16. What is the greatest common divisor of k and 9?
1
Let n(m) = -4*m**2 + 22*m + 2. Let c be n(5). Let t = 48 - -72. Calculate the highest common divisor of c and t.
12
Let n = 21 - 15. Suppose j + 385 = n*j. Suppose -2*s = s + x - 24, 5*s - 41 = -2*x. Calculate the highest common factor of s and j.
7
Let m = 3 + 3. Let p = 5 + m. Suppose -3*w - p = -41. What is the greatest common divisor of w and 10?
10
Suppose 3 = 6*f - 3*f. Suppose 0 = -3*x + f + 5. Suppose 0 = d + 5 - 27. What is the greatest common divisor of x and d?
2
Let i = 90 + -86. What is the greatest common factor of i and 52?
4
Let b(x) = x**2 + x - 16. Let j be b(0). Let s = j + 27. Let t = 213 + -212. What is the greatest common divisor of s and t?
1
Suppose 0 = 2*m - 4*m + 464. Suppose 0 = 2*w + 3*w. Suppose -5*f = -4*h + 131, -2*h + w*f = -4*f - 70. What is the greatest common factor of m and h?
29
Suppose -2*s + 10 = -4*s, -3*o + 2*s = -46. Suppose 0 = -a + 21 + o. What is the highest common divisor of 3 and a?
3
Let n(v) = -v - 2 + 60*v**2 + 2*v + 0*v - 59*v**2. Let f be (2 - -10)*(-2)/4. Let b be n(f). What is the highest common divisor of 4 and b?
4
Let h = -505 - -513. What is the greatest common divisor of 4 and h?
4
Let m(x) = 35 + 2*x + 9 - 8*x. Let a be m(-6). Calculate the highest common divisor of 16 and a.
16
Let q = 11 - 7. Suppose -q*j - 42 = 2. Let c = -3 - j. What is the greatest common divisor of c and 1?
1
Let h(f) = -13*f - 31. Let r be h(-7). What is the greatest common divisor of 160 and r?
20
Suppose 162 = 3*w - 3*r, -41*r - 10 = -46*r. Calculate the highest common divisor of 2408 and w.
56
Let l(g) = g - 3. Let i(n) = -n + 10. Let t be i(5). Let c be l(t). Suppose c*m + 7 = 29. Calculate the greatest common divisor of m and 121.
11
Suppose 3*x + 5*o - 123 = 0, 0 = 4*x - o - o - 138. Calculate the greatest common divisor of x and 156.
12
Suppose -67 = 11*k - 364. What is the greatest common divisor of k and 108?
27
Suppose 0 = -7*p - 3 + 3. Suppose p*i + 968 = 8*i. Calculate the greatest common factor of 11 and i.
11
Let f = -21 + -92. Let g = -65 - f. What is the greatest common factor of 6 and g?
6
Let d be (-7)/(105/(-204)) + 8/20. Suppose 0*r = -2*r. Suppose r = z - 63 - 49. Calculate the greatest common divisor of z and d.
14
Suppose -4*g + 81 = -11. Let l = 47 - g. Calculate the highest common factor of 168 and l.
24
Let q be ((-35)/(-2))/(6/12). Let d be (-4)/14 + 255/q. Suppose 34 = 2*v - 22. What is the highest common factor of v and d?
7
Let k = 137 - 86. Let u be 4/2 - (4 - 461). Calculate the highest common factor of k and u.
51
Let x(v) = v**3 - 23*v**2 + 45*v - 17. Let u be x(21). Calculate the highest common divisor of u and 115.
23
Let v = -2 - -14. Suppose 7*a - 460 - 44 = 0. Suppose 0 = -5*z - z + a. What is the highest common factor of z and v?
12
Suppose 1180 = 18*s - 2186. What is the greatest common factor of 85 and s?
17
Let z = -56 - -62. Calculate the highest common factor of z and 29.
1
Let t(b) = 3*b**2 + 10*b + 6. Let s be t(4). Calculate the highest common factor of s and 235.
47
Let j = 117 + -112. Let c(b) = 14*b - 41. Let p be c(j). What is the greatest common factor of p and 29?
29
Suppose -2*m + b + 63 = 8, -3*b = 4*m - 85. Let r = 121 - m. What is the greatest common factor of r and 12?
12
Let x(u) = 5*u - 8. Let n be x(6). Suppose -5*b - k + n + 28 = 0, -2*b - 3*k = -33. Let s = 27 + -18. What is the highest common factor of s and b?
9
Let l(a) = 20*a + 170. Let q be l(0). What is the greatest common factor of 10 and q?
10
Let y(j) = j**2 - 23*j + 123. Let d be y(15). Calculate the greatest common divisor of d and 705.
3
Let c = 30 + -23. Let v be -1 + 0 + (39 - -4). Suppose -t + v = -14. What is the highest common divisor of t and c?
7
Let q(i) = i + 16. Let w be q(-3). Suppose -3*x + 5*x + 3*g = 51, 0 = x - g - w. What is the highest common divisor of 12 and x?
6
Suppose 3*c - 10*c = 0. Suppose v - 2*v + 11 = c. Let j(i) = 12*i**3 - 2*i**2 - i + 2. Let r be j(2). What is the greatest common divisor of r and v?
11
Suppose m + 134 = -2*m + 2*r, -2*m - 2*r - 76 = 0. Let q = 45 + m. Calculate the greatest common factor of 6 and q.
3
Let k = 84 - 9. Let r = 299 - k. What is the highest common divisor of 32 and r?
32
Let j be -4 + (6 - -2) + 10 + -1. Calculate the highest common divisor of 702 and j.
13
Suppose -2*l = -65*o + 61*o - 336, l + 2*o - 156 = 0. Calculate the greatest common divisor of l and 144.
18
Suppose -11 = -3*u + 2*k, 4*k - 1 = -u 